{"id":238,"date":"2016-11-02T17:20:36","date_gmt":"2016-11-02T17:20:36","guid":{"rendered":"https:\/\/adauta.eu\/loja-online\/?post_type=product&#038;p=238"},"modified":"2024-01-21T14:50:25","modified_gmt":"2024-01-21T14:50:25","slug":"quadro-trevos","status":"publish","type":"product","link":"https:\/\/adauta.eu\/loja-online\/loja\/quadros-ponto-arraiolos\/quadro-trevos\/","title":{"rendered":"Trevos\u00ae <br><span style=\"font-size:80%\">Pe\u00e7a \u00danica<\/span>"},"content":{"rendered":"<p><strong>Pe\u00e7a \u00fanica.<\/strong><\/p>\n<p>Dimens\u00f5es: 46cm x 46cm<\/p>\n<p>Tempo de manufactura: 1 m\u00eas<\/p>\n","protected":false},"excerpt":{"rendered":"<p>Pe\u00e7a \u00fanica. Dimens\u00f5es: 46cm x 46cm Tempo de manufactura: 1 m\u00eas<\/p>\n","protected":false},"featured_media":239,"comment_status":"closed","ping_status":"closed","template":"","meta":{"_acf_changed":false},"product_cat":[6],"product_tag":[],"acf":[],"_links":{"self":[{"href":"https:\/\/adauta.eu\/loja-online\/wp-json\/wp\/v2\/product\/238"}],"collection":[{"href":"https:\/\/adauta.eu\/loja-online\/wp-json\/wp\/v2\/product"}],"about":[{"href":"https:\/\/adauta.eu\/loja-online\/wp-json\/wp\/v2\/types\/product"}],"replies":[{"embeddable":true,"href":"https:\/\/adauta.eu\/loja-online\/wp-json\/wp\/v2\/comments?post=238"}],"wp:featuredmedia":[{"embeddable":true,"href":"https:\/\/adauta.eu\/loja-online\/wp-json\/wp\/v2\/media\/239"}],"wp:attachment":[{"href":"https:\/\/adauta.eu\/loja-online\/wp-json\/wp\/v2\/media?parent=238"}],"wp:term":[{"taxonomy":"product_cat","embeddable":true,"href":"https:\/\/adauta.eu\/loja-online\/wp-json\/wp\/v2\/product_cat?post=238"},{"taxonomy":"product_tag","embeddable":true,"href":"https:\/\/adauta.eu\/loja-online\/wp-json\/wp\/v2\/product_tag?post=238"}],"curies":[{"name":"wp","href":"https:\/\/api.w.org\/{rel}","templated":true}]}}